8)). Calculate the greatest common divisor of a and w.
10
Suppose -3*m - 3 = 3*z - 6, -4*m = -z + 21. Suppose 0 = -z*p - 5*f + 91 - 36, -42 = -4*p - 2*f. What is the greatest common divisor of 2 and p?
2
Let v be ((-12)/(-10))/((-1)/(-90)). Suppose 5*u - 39 = -2*w, 575*w = 572*w - 5*u + 41. Calculate the highest common factor of v and w.
2
Let v be ((-11)/(-22))/((-2)/(-28)). Suppose v*r - 33*r = -754. What is the greatest common divisor of 87 and r?
29
Let z(w) = w**3 - 7*w**2 - 8*w - 2. Let m be z(8). Suppose -5*u + 95 + 45 = 0. Let h be m/(-7) - (12700/u)/(-5). What is the highest common divisor of h and 13?
13
Let s(a) = -a**3 + 4*a**2 + 5*a + 4. Let z be s(5). Suppose -7*k - z*w + 42 = -2*k, -4*w = k - 18. What is the greatest common factor of k and 150?
6
Let o(f) = -30*f**2 + 1929*f + 64. Let v be o(64). What is the greatest common divisor of 1024 and v?
128
Suppose -2*w = 32*p - 30*p - 680, 2*w - 656 = -14*p. What is the highest common factor of w and 1349?
19
Let a = -1600 - -1603. What is the greatest common divisor of 177 and a?
3
Let c be 34 + 0 + 3 + -5. Suppose k + 3*f - 32 - 10 = 0, -k + 2 = -5*f. Let l = c - k. What is the highest common divisor of l and 35?
5
Let c = 26535 + -8858. Calculate the highest common divisor of c and 11.
11
Let t(f) = f**3 - 24*f**2 - 171*f - 4. Let q be t(30). Calculate the greatest common factor of 238 and q.
14
Let q be 21/((8 - 12)/(-4)). Let a be ((-33)/88 + (-147)/(-72))*q. What is the highest common factor of a and 119?
7
Suppose 0 = -4*b - 4*w + 176, 12*w = -5*b + 10*w + 226. Suppose 11*p - 196 = b. Let o = 68 + -2. Calculate the highest common factor of p and o.
22
Let t be 18 + (-3179)/176 - 487201/(-16). Calculate the highest common divisor of 174 and t.
174
Let b = 4831 + -4480. Calculate the greatest common factor of b and 156.
39
Suppose -w = -9*w + 824. Let f = w - 87. Suppose -2*s = -5*s + 192. What is the greatest common factor of s and f?
16
Let q = 55 - -28. Let f = 113 - q. Suppose 6*r - 7*r = -f. Calculate the highest common factor of r and 3.
3
Let a be (-58)/(-1131) + (-1575652)/(-2028). Let f(k) = k**3 - 3*k**2 - 6*k + 1. Let w be f(5). What is the greatest common factor of a and w?
21
Suppose 188 = -0*f + 4*f. Suppose -j - f + 221 = 0. Let q(i) = 19*i + 476. Let t be q(-22). What is the greatest common divisor of t and j?
58
Let l(z) = -z**2 - 10*z - 13*z + z**3 + 10*z**2 + 7 + 17. Let b be l(-10). What is the greatest common factor of b and 44?
22
Suppose 240*r + 235*r - 485*r + 21230 = 0. Calculate the greatest common divisor of r and 22.
11
Let s = 1515 + -1343. What is the highest common divisor of s and 44?
4
Let z(b) = -172*b**2 + 699*b - 20. Let g be z(4). Calculate the greatest common divisor of 933 and g.
3
Let u(j) = -j**2 + 52*j - 217. Let n be u(18). What is the greatest common divisor of n and 553?
79
Let n(f) = -5*f**2 + 215*f - 32. Let o be n(39). Calculate the greatest common divisor of o and 986.
34
Let p be 207/(-46)*(-14)/3. Suppose 11*q - p*q = -540. What is the highest common divisor of q and 90?
18
Let u = 144 - 142. Suppose 10 = u*c, 4*j - 335 = j + 5*c. Suppose 5*z - 80 + 5 = 0. What is the greatest common factor of j and z?
15
Let g(m) = -5*m + 3. Let t be g(-7). Calculate the greatest common factor of t and 1615.
19
Let j be 2/(-16) + 2 + (-85)/(-40). Let d(b) = 2*b**3 - 7*b**2 - 4. Let c be d(j). What is the greatest common factor of 66 and c?
6
Let f be (36 + -37)*((1 - 124) + -1). Let v = f - 88. What is the greatest common divisor of 36 and v?
36
Let p be (-1 - 46/(-2)) + 177/(-59). What is the greatest common divisor of 4883 and p?
19
Let w(g) = -2*g**3 + 13*g**2 - g. Let l be w(7). Let y be l/84 + 562/6. Let z = y + -51. Calculate the highest common divisor of z and 28.
14
Suppose 4*z - 119 = y, z - 3*y + 7*y - 34 = 0. What is the highest common factor of 520 and z?
10
Suppose -3*j + 7*j = i + 22, 5*j - 35 = 5*i. Suppose j*q - 24 = -4. Suppose 1 + 19 = 4*y - h, -q*h = 5*y - 4. Calculate the highest common divisor of y and 44.
4
Suppose -15*u + 14*u = -2*b + 151, 0 = 5*b + 2*u - 400. Calculate the highest common factor of b and 11778.
78
Suppose 33*w - 85*w + 416 = 0. Suppose -516 = w*s - 2116. Calculate the highest common factor of s and 16.
8
Let v be (-12)/14 - (-14432)/308. What is the highest common factor of v and 4232?
46
Let n be (1/((-3)/4))/((-19)/57). Suppose n*r = 16, 4*j - j = -3*r + 876. Suppose 0 = 4*h - 2*h - j. What is the greatest common divisor of 16 and h?
16
Let y(q) = -2*q**2 + 22*q + 4. Let z be y(11). Suppose z*v - 95 = -51. What is the greatest common divisor of v and 99?
11
Let c(u) = 2*u**2 + 7*u + 4. Let x be c(-4). Suppose 18*n - 19*n + 499 = 0. Let g = -443 + n. Calculate the highest common divisor of x and g.
8
Suppose -2*t + q + 7 = 0, 3*t + 3 - 16 = 4*q. Suppose -11*z = -96 - t. What is the highest common divisor of z and 153?
9
Let o be 2/(-4) - 62/(-4). Let g be (-2)/(-56) + (61 - 624161/(-1988)). What is the greatest common divisor of o and g?
15
Let d be -30 + (-56420)/(-78) + (-20)/6. What is the highest common divisor of d and 8418?
138
Let s be (-30520)/(-21) - 20/15. Calculate the greatest common divisor of 48 and s.
12
Let s = 18644 - 13185. Calculate the greatest common divisor of 103 and s.
103
Let o(r) = r**3 + 30. Let i be o(0). Suppose -10*l = -13*l - 1272. Let a = -374 - l. Calculate the greatest common factor of i and a.
10
Suppose 0*t = -2*f - 4*t - 26, 5*f + 12*t = -81. Calculate the greatest common factor of 549 and f.
3
Let o(i) = -i**3 + 18*i**2 - 8*i - 13. Let g be o(17). Suppose -1360 = -50*l + 33*l. What is the highest common factor of l and g?
20
Let t = -12634 + 12638. Let h(x) = 10*x - 8. Let l be h(6). Calculate the greatest common divisor of t and l.
4
Suppose -37 = 3*v - 56 - 176. What is the greatest common factor of v and 1196?
13
Suppose 8 = t + 4*l, 0*l = 3*t + 2*l - 14. Suppose -4*h + 3*g = g - 78, -4*h + 84 = t*g. Let v = 183 + -143. What is the highest common factor of h and v?
20
Let v be (45/36 + -2)*-128. Calculate the highest common factor of 84 and v.
12
Let n = 191 - 187. Suppose -4*m = 3*v - 25 - 84, -n*m = 2*v - 70. What is the highest common factor of 13 and v?
13
Let y be (1296/42)/(0 + (-12)/(-112)). What is the greatest common factor of 9 and y?
9
Let i(x) be the first derivative of -x**3/3 + 23*x**2/2 - 20*x - 5. Let u be i(5). What is the highest common divisor of 56 and u?
14
Suppose q + 18 = 3*q. Suppose 5*h + 64 = q*h. Let a(d) = -14*d - 32. Let f be a(-4). Calculate the greatest common factor of f and h.
8
Let x(n) = -3*n**2. Let j(c) = 18*c**2 + 57*c + 35. Let z(g) = -j(g) - 5*x(g). Let h be z(-15). Calculate the greatest common factor of 87 and h.
29
Suppose -5*v = -2*u - 6*v, 3*u = 2*v. Suppose -459 = -9*n - u*n. Calculate the highest common factor of 34 and n.
17
Let j(g) = g**3 + 23*g**2 + 17*g - 14. Let l be j(-17). Suppose -14*a = -2349 - l. Let v be 0 + 28 - (1 + -3). Calculate the highest common factor of v and a.
30
Let l(o) = -o**3 - 33*o**2 + 38*o - 1097. Let y be l(-35). Calculate the greatest common divisor of y and 7613.
23
Let l be (-7000)/(-196) + 36/28. What is the greatest common factor of 10027 and l?
37
Suppose 5*n + 15 = 0, -39*a + 34*a + 4*n + 2322 = 0. What is the greatest common factor of a and 882?
42
Suppose -127 = -2*c + 5*m - 833, -5*m - 383 = c. Let x = c + 587. Suppose -5*f + x = -46. Calculate the highest common factor of f and 9.
9
Let o(v) = -174*v**3 - 4*v - 4. Let g(w) = 35*w + 209. Let q be g(-6). Let c be o(q). What is the highest common factor of 87 and c?
87
Suppose -3*d = 5*g - 235, -5*g + 25*d + 245 = 26*d. What is the greatest common divisor of g and 375?
25
Suppose 59978*a = 59995*a - 87 - 15. Calculate the greatest common divisor of 57 and a.
3
Let r = 107 - 17. Let x(d) = d**2 - 4*d + 3. Let m be x(5). Let l be (m/5)/(2/(-5)) + 40. Calculate the greatest common divisor of r and l.
18
Let t be ((11/55)/(14/(-28)))/((-2)/15). Suppose -4*b = -b - 165. Let j = b - 34. Calculate the greatest common factor of t and j.
3
Let f be 60/140 - (-3)/(-7). Suppose f = 18*i + 12*i - 990. Calculate the highest common divisor of 3 and i.
3
Let h(n) = 2*n**2 + 70*n + 826. Let j be h(-28). What is the greatest common divisor of